 are the prime factors of a?
2, 3
Suppose -5*p = -12*p + 1400. List the prime factors of p.
2, 5
Suppose 5*p = -y - 0*p + 4, -4*y + 16 = -5*p. List the prime factors of y.
2
Let p be ((-3)/1)/(0 - 1). Let n be p - (-3)/((-9)/42). Let q = 27 + n. List the prime factors of q.
2
Suppose 2*z - 20 = 6. List the prime factors of z.
13
Suppose 76 = o + 1. List the prime factors of 45/o + (-384)/(-10).
3, 13
Suppose -21*o = -27*o + 498. List the prime factors of o.
83
Suppose 0 = -i + 13 - 10. Suppose -i*l = 3*l - 264. List the prime factors of l.
2, 11
Let a(d) = d**2 - 7*d + 4. Suppose -q + 1 + 7 = 0. List the prime factors of a(q).
2, 3
Let k(v) = -v**3 + v**2 + 25. List the prime factors of k(0).
5
Suppose 46 = -2*w + 3*p, -3*w = 3*p + 44 + 25. Let j = w + 56. What are the prime factors of j?
3, 11
Let z(f) = -2*f**3 - 3*f**2 - 4*f - 3. Let j be z(-3). Let v be 10/(-3)*j/(-10). Let y = v - 8. What are the prime factors of y?
2
Let r(l) = 3*l - 3. Let n be r(2). Let h(o) = -o**2 + 0*o**2 + 3*o**2 + 1 - n*o**3 - 5*o**2. What are the prime factors of h(-2)?
13
Suppose -a + 4*n = -100, -2*a = -6*a - n + 400. What are the prime factors of a?
2, 5
Let n(p) = -99*p**3 + p**2 + p. List the prime factors of n(-1).
3, 11
Let x be 92*-1*1/(-4). Suppose 0 = 4*b - 3*v - 47, 0*b + 2*b - v - x = 0. What are the prime factors of b?
11
Let x(q) = -q**2 - 8*q - 1. Let y be x(-6). Let b(r) = 11*r**2 - y + 11 - r. What are the prime factors of b(-1)?
2, 3
Let h be ((-2)/(-4))/(1/194). Suppose -2*g = -5*k - h, -g + 5*k = -3*g + 87. Suppose g = 4*p - 18. What are the prime factors of p?
2
List the prime factors of 240 - -11 - (-1 - (0 - 0)).
2, 3, 7
Suppose 0 = -x - 1 - 4, x = -b + 7. Suppose 0*s + b = 3*s. List the prime factors of s.
2
Suppose 17 = 2*f - 1. List the prime factors of ((-165)/f + 4)*-3.
43
Suppose -2*q = -5*x - 39, -q - 2*x + 14 = -28. Let c = -20 + q. What are the prime factors of c?
2, 3
Suppose 4*q - 50 + 10 = 0. What are the prime factors of q?
2, 5
Let w(d) be the second derivative of -d**5/20 - 3*d**4/4 - 3*d**3/2 + 3*d**2 + 5*d. Let b be (-4)/14 - (-162)/(-21). What are the prime factors of w(b)?
2, 7
Suppose -117 = -2*m - z, 246 = 3*m + 5*z + 81. List the prime factors of m.
2, 3, 5
Let v = 6 + 19. List the prime factors of v.
5
Let h = 0 - -2. Let d(u) = -3*u**h - u**2 - u**3 + 2*u - u**2 + u - 7. What are the prime factors of d(-6)?
11
Let o be 24 + 0/(-3) - -2. Let b = o - 12. List the prime factors of b.
2, 7
Let p(k) be the first derivative of 3*k**4 + k**3/3 + k**2/2 - k + 2. What are the prime factors of p(1)?
13
Let w = 544 - 373. List the prime factors of w.
3, 19
Let s(c) be the second derivative of -c**3/6 - 5*c**2/2 - c. Let m be s(-6). List the prime factors of (m + -2)/(2/(-6)).
3
What are the prime factors of (153 - 7) + 0/(-1)?
2, 73
Suppose 2*d = -5*r + 44, -13 - 17 = -3*r - 3*d. What are the prime factors of r?
2
Suppose 0 = -o - 3 + 15. Suppose 2*v = x - v + 2, 5*x - o = 4*v. What are the prime factors of x?
2
Let y be ((-18)/8)/(1/4). What are the prime factors of 26/((-3)/(y/6))?
13
Let b(i) = i**3 + 6*i**2 - 5*i - 7. Let q be b(-6). Suppose d - 3*d + y = -q, 0 = 4*y + 20. What are the prime factors of d?
3
Let y be 1/(-2)*16/(-4). Let z be y + -3*(-1)/3. Suppose x = 7 + z. What are the prime factors of x?
2, 5
Let t(x) = 2*x**2 + x + 3. Let q be t(-3). Suppose -40 = -m + 5*m. Let n = q + m. What are the prime factors of n?
2
Let a(v) be the second derivative of v**3/6 + 5*v**2/2 + v. Let x(r) = -r + 5. Let y be x(5). List the prime factors of a(y).
5
Let g = -15 - -34. What are the prime factors of g?
19
Let b(w) be the first derivative of w**4/4 - 2*w**3 - 3*w**2 + 7*w - 2. What are the prime factors of b(7)?
2, 7
Suppose -4*o + 0 = 4. Let q(w) = -8*w - 1. Let z(k) = -8*k - 1. Let g(a) = -4*q(a) + 5*z(a). List the prime factors of g(o).
7
Let s(z) = 4*z**3 + 2*z**2 - 1. Let b be s(-1). Let l = b + 11. Suppose l*g = 4*g + 20. List the prime factors of g.
5
Let v(r) = -14*r - 1. Suppose -d - 4 + 0 = 4*k, -3*k - 3 = -5*d. List the prime factors of v(k).
13
Let a be 9/6 + 2/(-4). Suppose a = -u - 1. What are the prime factors of (3 + u + 0)*3?
3
Let u(k) = -k + 16. Let q(z) = -7*z**3 - z**2 - z + 1. Let c be q(1). Let x = 8 + c. List the prime factors of u(x).
2
Suppose 2 = b - 29. What are the prime factors of b?
31
List the prime factors of (20 + 0)*(7 - 189/35).
2
Suppose 2*v + 3*f + 36 = 4*v, -20 = -5*f. What are the prime factors of v?
2, 3
Suppose 0*t + t - 24 = 0. Let m = t - 36. List the prime factors of -5*(m/3 + 2).
2, 5
Let b(j) = j**2 + j + 53. What are the prime factors of b(0)?
53
Suppose 0 = 7*j - 9*j - 6. Let w(m) = 3*m**3 - 2*m**2 + 2*m - 2. Let o be w(2). Let i = j + o. List the prime factors of i.
3, 5
Suppose f + 70 = 3*f. What are the prime factors of f?
5, 7
Let l(g) = 8*g + 12. List the prime factors of l(5).
2, 13
Suppose -4*r + 20 = -4*u, -u - 1 + 0 = 0. Suppose -a - 13 = -3*l, 3*a + 10 = -2*a + r*l. List the prime factors of a.
2
Let b(u) = 4 - 4 + 6*u + 2 - u**2 - 3. Let q be b(5). Let l = 21 - q. List the prime factors of l.
17
Suppose 0 = 3*n - 3, 5*n - 7 = y - 17. Let w be (-2)/((-21)/y - -1). Suppose w*c - 3*c = 12. List the prime factors of c.
2, 3
Suppose 61 - 23 = l. What are the prime factors of l?
2, 19
Let f(a) = -a**2 + a + 128. What are the prime factors of f(0)?
2
Let d = -3 + 6. Suppose 0*z = 5*z - 15. Suppose d = h, 5*q - z*h + h = 54. List the prime factors of q.
2, 3
Let t = 1 + -5. Let n = 3 + t. Let w(o) = -3*o - 1. List the prime factors of w(n).
2
Suppose -j + 8 = 3*j. Suppose c = -j*t - t + 7, -2*t - 4*c = 2. Suppose -4*s + 49 = t*n, 8*n - 3*n = -3*s + 67. List the prime factors of n.
11
Suppose 4*h = -l + 589, 5*l = -11 - 4. List the prime factors of h.
2, 37
What are the prime factors of (-135)/(-5) + 2 + -1?
2, 7
Let s(j) = 5*j**2 - 3*j + 14. Let o(l) = 4*l**2 - 3*l + 13. Let h(t) = -6*o(t) + 5*s(t). Let c = -3 - 3. What are the prime factors of h(c)?
2, 5
Suppose -4*m - 2 = 10, 150 = 3*n - 3*m. What are the prime factors of n?
47
Let y(d) = -14*d**2 - 12*d - 12. Let s(v) = -5*v**2 - 4*v - 4. Let r(j) = -17*s(j) + 6*y(j). Let i be 32/(-10) - 7/(-35). List the prime factors of r(i).
17
Let m be 10/(-5) + (7 - 0). Let j(i) = 4*i + 4. What are the prime factors of j(m)?
2, 3
Suppose -3*w = 5*a - 91, -4*w - 2*a + 125 - 27 = 0. What are the prime factors of w?
2, 11
Let n = 16 + -7. Suppose -r - 5*q - 3 = -n, -3*r + q + 18 = 0. Let c = r + -2. List the prime factors of c.
2
Let z(a) = -2*a + 4. Let p be z(-4). Let j(c) = -2*c**3 + 4*c**2 - 3*c + 1. Let l be j(2). What are the prime factors of (p/10)/(-3)*l?
2
Let p(z) = -3*z**2 - 4*z - 5. Let j(c) = 5*c**2 + 8*c + 11. Let i(r) = -4*j(r) - 9*p(r). List the prime factors of i(2).
37
Suppose 5*h - 15 = m - 6*m, -h = -m + 1. Let r = m - -8. What are the prime factors of r?
2, 5
Let a = 8 + -2. Let r = 13 - a. What are the prime factors of r?
7
Suppose -2*r - 3*w + 4 = -0*w, -3*w = 0. Let h(x) = 4*x - 20. Let q be h(6). Suppose 3*o + 3*y - 19 = r*y, 5*y = -q*o + 40. List the prime factors of o.
5
Let v(c) = -2*c - 12. Let n be v(-9). Suppose -n*w = -w - 25. List the prime factors of w.
5
Suppose 3*s = -0*s + 24. Let u(c) = c**2 + 5*c + 1. Let w be u(-6). What are the prime factors of s + w - 1*-1?
2
Let n(s) = -s**3 - 6*s**2 + 4*s + 3. Let u be n(-6). Let x = -1 + u. List the prime factors of (x/(-4))/(2/4).
11
Suppose -5*a + 5*k + 16 = -a, 0 = 4*a - 2*k - 16. Suppose 0 = 4*q + 4*r - 4, a*r = -q + 2*q - 16. What are the prime factors of q?
2
Suppose 60 = -2*t - 6. What are the prime factors of (-1)/(t/15 + 2)?
5
Let p be (5 + -5)/(0 + -1). What are the prime factors of -1 - 0 - -3 - p?
2
Let a = -143 - -211. What are the prime factors of a?
2, 17
Suppose 0 = -o + 7*r - 12*r + 304, o - r = 334. What are the prime factors of o?
7, 47
Let g(h) = -4*h - 30. List the prime factors of g(-13).
2, 11
Let r = 35 + -16. Suppose -5*u - 4*f = -5*f + r, 1 = -3*u - 2*f. Let z = u - -7. What are the prime factors of z?
2
Let q = 4 - 0. Suppose -23 = q*t + 57. What are the prime factors of (t/6)/(1/(-3))?
2, 5
Suppose 11*c - 5*c - 492 = 0. What are the prime factors of c?
2, 41
Let y = -8 - -40. List the prime factors of y.
2
Let t(y) = y**2 - y